lse
Is 3542213 a composite number?
True
Is 217873 composite?
True
Is 918569 composite?
True
Is 10219 composite?
True
Is 31313 a prime number?
False
Is 176335 a prime number?
False
Is 65755 prime?
False
Is 291143 a prime number?
True
Is 108671 a prime number?
False
Is 798089 a composite number?
False
Is 4151 composite?
True
Is 175213 composite?
True
Is 6007 prime?
True
Is 3813931 composite?
True
Is 152651 composite?
True
Is 165161 prime?
True
Is 3493 prime?
False
Is 5297 composite?
False
Is 763259 a prime number?
False
Is 9767 a composite number?
False
Is 254 prime?
False
Is 2503 a prime number?
True
Is 28097 prime?
True
Is 6609 a composite number?
True
Is 132303 a prime number?
False
Is 6247 composite?
False
Is 448727 a prime number?
True
Is 28697 a composite number?
False
Is 207367 prime?
True
Is 16547 composite?
False
Is 13093 a prime number?
True
Is 177557 composite?
True
Is 2364917 prime?
True
Is 11429 a prime number?
False
Is 1038845 a prime number?
False
Is 7817 composite?
False
Is 10079 a prime number?
True
Is 134471 a composite number?
False
Is 2529193 a composite number?
False
Is 528007 composite?
True
Is 482 a prime number?
False
Is 28733 composite?
True
Is 1213 prime?
True
Is 9871 prime?
True
Is 719327 a composite number?
True
Is 106127 a composite number?
True
Is 59693 a composite number?
False
Is 98251 a prime number?
True
Is 1262 a prime number?
False
Is 1727 a composite number?
True
Is 3343 composite?
False
Is 17617 composite?
True
Is 17291 composite?
False
Is 5981 composite?
False
Is 4141 composite?
True
Is 3935 a prime number?
False
Is 299 composite?
True
Is 323863 composite?
True
Is 972721 prime?
True
Is 179233 composite?
False
Is 177626 composite?
True
Is 67679 composite?
False
Is 1382 a composite number?
True
Is 3107 a composite number?
True
Is 1495043 a prime number?
False
Is 7717 composite?
False
Is 193757 composite?
False
Is 1007647 a prime number?
True
Is 4143 prime?
False
Is 99961 a composite number?
False
Is 244859 prime?
True
Is 5981 composite?
False
Is 4529 prime?
False
Is 13027 a composite number?
True
Is 461359 a prime number?
True
Is 11579 a composite number?
False
Is 160117 a prime number?
True
Is 8765 composite?
True
Is 40867 composite?
False
Is 172781 a prime number?
False
Is 30341 composite?
False
Is 25427 a prime number?
False
Is 462983 prime?
True
Is 10951 prime?
False
Is 28991 a composite number?
True
Is 34793 composite?
True
Is 287 a prime number?
False
Is 1198 prime?
False
Is 5261 a composite number?
False
Is 6313 prime?
False
Is 2827 prime?
False
Is 447739 a prime number?
False
Is 728386 composite?
True
Is 40693 prime?
True
Is 57417 prime?
False
Is 111029 a prime number?
True
Is 11677 a composite number?
False
Is 180109 a prime number?
False
Is 172961 prime?
False
Is 56039 prime?
True
Is 3421 a composite number?
True
Is 10559 a prime number?
True
Is 13271 a composite number?
True
Is 6773 a composite number?
True
Is 27941 a composite number?
False
Is 2581477 a prime number?
True
Is 1041421 composite?
False
Is 34511 composite?
False
Is 142261 prime?
False
Is 120157 composite?
False
Is 496187 a composite number?
False
Is 29663 a composite number?
False
Is 1993 composite?
False
Is 7831 a composite number?
True
Is 398179 prime?
False
Is 536259 composite?
True
Is 1153397 prime?
False
Is 253111 a composite number?
True
Is 5381 a prime number?
True
Is 583853 prime?
True
Is 146131 prime?
False
Is 1225283 composite?
False
Is 154051 prime?
False
Is 1261 a prime number?
False
Is 25019 prime?
False
Is 193711 a prime number?
False
Is 725579 composite?
False
Is 364069 a prime number?
True
Is 60611 a composite number?
False
Is 15563 composite?
True
Is 284111 a prime number?
True
Is 681517 a composite number?
True
Is 62773 a prime number?
True
Is 2155 a composite number?
True
Is 58983 a composite number?
True
Is 577381 a prime number?
False
Is 27271 composite?
False
Is 180157 a prime number?
False
Is 2832605 prime?
False
Is 2021303 a prime number?
False
Is 155069 a composite number?
False
Is 929 prime?
True
Is 1207 prime?
False
Is 10597 prime?
True
Is 159017 a composite number?
False
Is 8779 prime?
True
Is 27127 composite?
False
Is 87617 prime?
False
Is 4369 a prime number?
False
Is 541237 prime?
True
Is 5039 a composite number?
False
Is 2552503 prime?
True
Is 120403 prime?
False
Is 391939 prime?
True
Is 58963 composite?
False
Is 7069 composite?
False
Is 638701 a composite number?
True
Is 396751 composite?
True
Is 43997 prime?
True
Is 1589371 a prime number?
False
Is 66271 composite?
False
Is 127807 a prime number?
True
Is 26769 composite?
True
Is 110443 a prime number?
False
Is 297669 composite?
True
Is 31829 composite?
True
Is 33287 a composite number?
False
Is 116789 prime?
True
Is 99287 a prime number?
False
Is 124549 prime?
False
Is 8887 prime?
True
Is 1086989 a prime number?
True
Is 568877 composite?
False
Is 13309 a prime number?
True
Is 4640287 prime?
True
Is 720787 a prime number?
False
Is 581195 a composite number?
True
Is 320263 a composite number?
True
Is 2670227 a prime number?
False
Is 44467 composite?
True
Is 36969 a composite number?
True
Is 305 a prime number?
False
Is 140053 a composite number?
False
Is 19501 a prime number?
True
Is 39469 composite?
True
Is 2008579 prime?
False
Is 93827 prime?
True
Is 2307 a prime number?
False
Is 152974 prime?
False
Is 341839 prime?
True
Is 18021 a prime number?
False
Is 80263 prime?
True
Is 129167 composite?
True
Is 172957 a prime number?
False
Is 1809517 prime?
True
Is 418553 a composite number?
False
Is 78159 a composite number?
True
Is 7111 a prime number?
False
Is 227351 a prime number?
False
Is 94813 a prime number?
False
Is 293 a prime number?
True
Is 7113 a composite number?
True
Is 67901 a prime number?
True
Is 16729 a composite number?
False
Is 238129 prime?
False
Is 44617 prime?
True
Is 6538507 composite?
False
Is 183633 prime?
False
Is 799 composite?
True
Is 1079399 a composite number?
False
Is 10307 composite?
True
Is 52843 a prime number?
False
Is 393629 prime?
True
Is 4841765 prime?
False
Is 72619 a composite number?
True
Is 64639 composite?
True
Is 204515 a prime number?
False
Is 225427 prime?
True
Is 32629 composite?
True
Is 8459 composite?
True
Is 17191 prime?
True
Is 5431 composite?
False
Is 1097899 prime?
False
Is 2487 a prime number?
False
Is 1523 prime?
True
Is 133157 a composite number?
False
Is 60961 a prime number?
True
Is 275203 a prime number?
False
Is 32831 composite?
False
Is 30035 composite?
True
Is 127373 a prime number?
True
Is 23513 a composite number?
True
Is 172969 composite?
False
Is 2627 a composite number?
True
Is 637129 prime?
True
Is 1269937 a prime number?
True
Is 87 a composite number?
True
Is 13309 a composite number?
False
Is 4633 prime?
False
Is 2017 a composite number?
False
Is 83059 prime?
True
Is 1114159 a prime number?
True
Is 5899 a prime number?
False
Is 2719 composite?
False
Is 4927 a prime number?
False
Is 149197 prime?
True
Is 2566 prime?
False
Is 14581 prime?
False
Is 1001873 a composite number?
True
Is 2245 prime?
False
Is 8923 prime?
True
Is 9863 composite?
True
Is 72035 composite?
True
Is 46619 prime?
True
Is 70429 a prime number?
True
Is 11369 composite?
False
Is 21851 prime?
True
Is 2407929 prime?
False
Is 2130341 prime?
True
Is 174197 composite?
False
Is 69907 composite?
True
Is 111409 a composite number?
False
Is 341123 a composite number?
False
Is 366259 a prime number?
True
Is 1298769 a prime number?
False
Is 145313 prime?
False
Is 8419 a prime number?
True
Is 3539359 prime?
True
Is 443 prime?
True
Is 260399 prime?
True
Is 24851 a prime number?
True
Is 193967 a prime number?
False
Is 17747 composite?
False
Is 3504491 composite?
False
Is 9259 a prime number?
False
Is 697027 prime?
False
Is 819977 prime?
True
Is 277687 composite?
False
Is 765101 composite?
True
Is 72401 a prime number?
False
Is 36035 composite?
True
Is 16447 a composite number?
False
Is 102803 a composite number?
True
Is 51503 composite?
False
Is 92117 prime?
False
Is 10063 a prime number?
False
Is 4703 a prime number?
True
Is 3785 prime?
False
Is 80167 a composite number?
False
Is 391466 a prime number?
False
Is 744079 prime?
False
Is 637547 composite?
True
Is 521 a composite number?
False
Is 245963 prime?
True
Is 188663 a composite n